 4323526?
False
Is 93 a factor of 99882?
True
Is 392504 a multiple of 73?
False
Is 46 a factor of 112129?
False
Does 1302 divide 6904284?
False
Does 49 divide 624484?
False
Is 59700 a multiple of 5?
True
Does 14 divide 280260?
False
Is 193 a factor of 5501658?
True
Is 805728 a multiple of 284?
False
Is 3 a factor of 1018647?
True
Does 9 divide 31212?
True
Does 147 divide 790466?
False
Is 147243 a multiple of 11?
False
Does 129 divide 262711?
False
Is 398 a factor of 53730?
True
Is 1676912 a multiple of 674?
True
Does 74 divide 437387?
False
Is 581418 a multiple of 74?
True
Is 11829080 a multiple of 22?
False
Does 117 divide 2087865?
True
Does 153 divide 63189?
True
Is 1846654 a multiple of 21?
False
Does 52 divide 65468?
True
Is 11 a factor of 226798?
True
Does 601 divide 1103406?
False
Is 12 a factor of 765432?
True
Does 65 divide 2237545?
False
Is 52 a factor of 173576?
True
Is 1056654 a multiple of 141?
True
Does 18 divide 254127?
False
Is 423700 a multiple of 475?
True
Does 10 divide 1310239?
False
Is 606570 a multiple of 96?
False
Does 2 divide 46424?
True
Is 597896 a multiple of 529?
False
Is 1593076 a multiple of 139?
False
Does 18 divide 1170203?
False
Does 17 divide 240278?
True
Does 2 divide 118956?
True
Does 163 divide 840155?
False
Is 25 a factor of 4426825?
True
Is 2068316 a multiple of 473?
False
Is 45 a factor of 44394?
False
Is 379362 a multiple of 13?
False
Does 12 divide 41724?
True
Does 6 divide 2088124?
False
Is 16 a factor of 653104?
True
Is 1631318 a multiple of 13?
True
Is 21 a factor of 158701?
False
Is 140 a factor of 179200?
True
Does 2 divide 8604?
True
Does 14 divide 236222?
True
Is 21 a factor of 3262?
False
Is 5664921 a multiple of 17?
False
Is 2146690 a multiple of 637?
True
Does 170 divide 5891154?
False
Is 90 a factor of 10957271?
False
Is 9 a factor of 58809?
False
Is 1263 a factor of 3759951?
True
Is 725610 a multiple of 285?
True
Is 33 a factor of 191179?
False
Is 4003841 a multiple of 161?
False
Does 65 divide 240586?
False
Does 12 divide 846336?
True
Is 12 a factor of 3430898?
False
Does 31 divide 344069?
True
Does 3 divide 1725030?
True
Does 44 divide 136912?
False
Does 41 divide 499380?
True
Is 483812 a multiple of 74?
True
Does 22 divide 1386616?
True
Is 67 a factor of 13929501?
True
Is 4094412 a multiple of 21?
True
Is 27 a factor of 2097171?
True
Is 187 a factor of 5575098?
False
Is 103804 a multiple of 129?
False
Is 235951 a multiple of 14?
False
Is 96512 a multiple of 232?
True
Does 17 divide 140420?
True
Is 40 a factor of 3981760?
True
Is 144870 a multiple of 15?
True
Is 1448996 a multiple of 5?
False
Does 54 divide 6421074?
False
Does 409 divide 1979561?
False
Is 386535 a multiple of 353?
True
Is 657 a factor of 7744716?
True
Does 168 divide 28728?
True
Does 11 divide 393437?
True
Is 114061 a multiple of 25?
False
Is 321 a factor of 165963?
False
Is 159384 a multiple of 348?
True
Is 107264 a multiple of 79?
False
Does 25 divide 483550?
True
Does 737 divide 3214733?
False
Does 116 divide 640995?
False
Is 647 a factor of 1917061?
True
Does 11 divide 25525?
False
Is 4 a factor of 2924596?
True
Is 16 a factor of 506091?
False
Is 3 a factor of 2720152?
False
Is 13904 a multiple of 3?
False
Is 9219338 a multiple of 386?
False
Is 136152 a multiple of 62?
True
Does 1276 divide 20055650?
False
Does 261 divide 238425?
False
Does 89 divide 950404?
False
Is 12683300 a multiple of 15?
False
Does 2 divide 427149?
False
Is 3428238 a multiple of 926?
False
Is 246370 a multiple of 355?
True
Is 674487 a multiple of 17?
False
Is 63 a factor of 387838?
False
Does 76 divide 183996?
True
Is 624 a factor of 4981251?
False
Is 144817 a multiple of 429?
False
Is 98 a factor of 1107400?
True
Does 87 divide 227418?
True
Is 217 a factor of 247163?
True
Is 2344664 a multiple of 32?
False
Is 719 a factor of 1429510?
False
Is 17442 a multiple of 3?
True
Is 36723861 a multiple of 2962?
False
Is 334396 a multiple of 130?
False
Is 10710 a multiple of 21?
True
Is 74374 a multiple of 104?
False
Does 13 divide 10839?
False
Does 279 divide 10720794?
False
Does 117 divide 4460934?
False
Does 540 divide 5532840?
True
Is 26350 a multiple of 4?
False
Is 25 a factor of 422225?
True
Is 691056 a multiple of 16?
True
Is 1195045 a multiple of 255?
False
Is 78587 a multiple of 20?
False
Is 26393 a multiple of 15?
False
Is 8 a factor of 438842?
False
Does 17 divide 66079?
True
Is 90054 a multiple of 105?
False
Does 38 divide 14478?
True
Is 1459498 a multiple of 238?
False
Is 415 a factor of 146565?
False
Does 73 divide 899141?
True
Does 142 divide 5112?
True
Is 30 a factor of 10277386?
False
Is 12 a factor of 33547?
False
Does 402 divide 16792?
False
Does 186 divide 51011?
False
Is 10 a factor of 1287257?
False
Is 16427 a multiple of 5?
False
Is 99750 a multiple of 56?
False
Does 367 divide 1055492?
True
Is 30 a factor of 8084506?
False
Is 68 a factor of 24941?
False
Does 16 divide 111656?
False
Is 346 a factor of 1410247?
False
Is 3 a factor of 51721?
False
Does 157 divide 219643?
True
Is 1512453 a multiple of 355?
False
Does 10 divide 73170?
True
Is 232 a factor of 3121997?
False
Does 227 divide 6167363?
True
Is 10 a factor of 892999?
False
Does 4 divide 43713?
False
Does 56 divide 832100?
False
Is 1581 a factor of 12418755?
True
Is 294233 a multiple of 59?
True
Is 64 a factor of 118318?
False
Is 12 a factor of 392334?
False
Is 10531704 a multiple of 24?
True
Is 410 a factor of 7532118?
False
Is 161950 a multiple of 102?
False
Is 81284 a multiple of 9?
False
Is 133675 a multiple of 154?
False
Is 4 a factor of 27802?
False
Is 22 a factor of 15088326?
True
Does 14 divide 591390?
False
Does 139 divide 217813?
True
Does 348 divide 42791070?
False
Does 125 divide 370500?
True
Is 30 a factor of 63480?
True
Is 26 a factor of 9703643?
False
Is 4636716 a multiple of 238?
True
Is 1514703 a multiple of 26?
False
Is 6 a factor of 194220?
True
Is 7 a factor of 36988?
True
Does 11 divide 234634?
False
Does 17 divide 112863?
True
Does 411 divide 738156?
True
Is 41 a factor of 31061?
False
Is 452416 a multiple of 230?
False
Is 2078431 a multiple of 8?
False
Is 105814 a multiple of 66?
False
Is 357642 a multiple of 179?
True
Is 3193676 a multiple of 178?
True
Does 141 divide 585432?
True
Does 26 divide 40852?
False
Is 8609 a multiple of 2?
False
Does 8 divide 403849?
False
Is 6100089 a multiple of 32?
False
Is 426539 a multiple of 415?
False
Is 100 a factor of 705762?
False
Is 1318410 a multiple of 19?
True
Does 28 divide 15814?
False
Is 724 a factor of 5005781?
False
Does 27 divide 4437180?
True
Does 2385 divide 5118210?
True
Does 96 divide 11040?
True
Is 3874350 a multiple of 230?
True
Is 672 a factor of 3461617?
False
Is 1404846 a multiple of 306?
True
Is 938 a factor of 4803498?
True
Is 29 a factor of 468698?
True
Does 115 divide 62202?
False
Does 807 divide 2351598?
True
Is 3904946 a multiple of 31?
True
Is 1904320 a multiple of 17?
False
Is 18672276 a multiple of 2035?
False
Is 17 a factor of 63886?
True
Is 519456 a multiple of 24?
True
Is 135069 a multiple of 11?
True
Is 2839315 a multiple of 460?
False
Is 229749 a multiple of 137?
True
Is 210 a factor of 55705?
False
Is 95 a factor of 421806?
False
Is 8 a factor of 90664?
True
Is 15171535 a multiple of 19?
False
Is 751 a factor of 5880330?
True
Is 841080 a multiple of 60?
True
Does 27 divide 2167938?
True
Is 1039842 a multiple of 57?
False
Is 5413665 a multiple of 53?
False
Is 3558588 a multiple of 132?
True
Does 41 divide 11240888?
True
Does 205 divide 1357592?
False
Does 11 divide 2757281?
False
Does 224 divide 9179968?
True
Is 68 a factor of 6831531?
False
Is 531360 a multiple of 48?
True
Is 2105676 a multiple of 177?
False
Is 120 a factor of 5682600?
True
Is 4448128 a multiple of 49?
False
Is 92848 a multiple of 4?
True
Does 12 divide 60336?
True
Is 85500 a multiple of 45?
True
Is 8933709 a multiple of 148?
False
Is 1263810 a multiple of 515?
True
Is 106 a factor of 232639?
False
Does 55 divide 239848?
False
Is 142 a factor of 1005076?
True
Is 1155336 a multiple of 483?
True
Is 4 a factor of 26395?
False
Does 37 divide 169868?
False
Is 159709 a multiple of 5?
False
Is 2 a factor of 24040?
True
Is 44 a factor of 1743871?
False
Is 5023156 a multiple of 281?
True
Is 93 a factor of 937266?
False
Is